) = i. Give r(y).
-6
Let l(i) = -i**3 + 5*i**2 + 2*i - 3. Suppose -6*m + 106 = 196. Suppose 3*n - 2 = 1. Let u be n + 12/m - (-120)/25. Calculate l(u).
7
Suppose 32*i = -30*i - 22*i + 5376. Let j(m) = m**3 - 64*m**2 - 3*m + 198. What is j(i)?
6
Let q(t) = 8*t + 28. Let f(o) = -o**3 + o**2 + 25*o - 62. Let v be f(4). Give q(v).
-52
Suppose -5*g = 5, g = -2*m + 26 + 3. Suppose -2*a + 7*a - m = 0. Let x(z) = -z - 37. Let j(p) = -6*p - 333. Let o(k) = -2*j(k) + 18*x(k). Determine o(a).
-18
Let u(h) = 3*h - 2. Let x(s) = 36*s - 34. Let a(y) = 35*y - 33. Let c(w) = -4*a(w) + 3*x(w). Let o(m) = c(m) + 12*u(m). What is o(-5)?
-14
Let u = -56 + 63. Let y(a) = -2*a**2 - u*a + 7*a - 4*a + 1. Determine y(-5).
-29
Suppose 65*x - 66*x - 16 = -5*v, 8 = 3*x - v. Let m(j) be the second derivative of 2*j**2 - 7/12*j**x + 0 - j**3 + 4*j - 1/20*j**5. Determine m(-6).
4
Let a be (0 + 4)*(-19 - -17) - (9 + -3). Let s(i) = i**2 - 5*i - 273. Calculate s(a).
-7
Let z(b) = 23*b + 21 + 47 - 7*b + 337*b**2 - 336*b**2. Calculate z(-9).
5
Suppose 3*o = 4*u - 20, o + 4*u = 20 - 0. Let i(l) = 5*l + 9. Give i(o).
9
Let t(i) = -291*i - 289*i + 51 - 37 + 572*i. What is t(3)?
-10
Let u(y) be the second derivative of -y**5/20 - 7*y**4/6 + 2*y**3 - 11*y**2 - 19*y - 16. Calculate u(-15).
23
Let d(j) = j**3 + 7*j**2 - 75*j - 451. Let h be d(-10). Let n(v) = -13*v - 19. Give n(h).
-6
Let p be (12/15)/(4/10). Let v(y) be the first derivative of -y**3/3 + 4133. Determine v(p).
-4
Let i be ((-9)/12)/(75/(-200)). Let j(b) = 7*b**2 - 8*b**i + 0 + 2*b**2 + b + 4 - 8*b. Calculate j(7).
4
Let m be (-2 - -2) + -1 + 2. Let p(l) = 1 - 7 - 425*l + 25 + 419*l - 6 - 8. Give p(m).
-1
Let c(v) = -29*v + 55. Suppose -17*a = -14*a + 12 - 18. Give c(a).
-3
Let x(g) = -2 + 545*g - g**2 - 1114*g + 571*g. Let i = 5 + -3. Give x(i).
-2
Let r(b) = 6*b**2 - 490 - b**3 - 6*b + 991 - 475. Determine r(6).
-10
Let h be (-5)/1 - (122 + -128). Let u be (h + 0)*312/(-78). Let r(x) = -4 + 2*x - x - 7*x. Calculate r(u).
20
Let v(a) = -a - 2. Let x = -23 + 26. Suppose 4*i = 5*u + 22, 5*i + x*u = -0*i + 46. Suppose 0 = -8*j - 40 + i. Calculate v(j).
2
Let b = 330 - 328. Let d(w) = w + 10. Let f(a) = -5*a - 40. Let z(k) = b*f(k) + 9*d(k). Give z(9).
1
Let s(f) = 3 - 158*f - 6*f**2 - 2*f**3 - 151*f + 315*f + 0*f**3 + 0. Give s(3).
-87
Let w(i) = -117*i + 591. Let d be w(5). Let s(k) = -2*k**2 + 8*k - 20. What is s(d)?
-44
Let u(h) be the second derivative of -h**5/24 + h**4/12 + h**3/3 + 3*h**2/2 - 96*h. Let m(j) be the second derivative of u(j). Let r = 7 - 4. Give m(r).
-13
Let q(i) = 54*i + 2586. Let d be q(-48). Let w(p) = -8*p - 7*p**2 + 3*p**2 - 8 + 3*p**2. Determine w(d).
4
Suppose 5*r - x = 40, 2 - 34 = -4*r - 4*x. Suppose -r = -2*p - 4. Let w(q) = 3*q**2 - 2*q**2 + p*q**3 - 4*q**2 + 2. Give w(2).
6
Let m(i) = -89*i + 55*i - 2 + 33*i. Let j(t) = -3*t - 9. Let z(c) = -j(c) + 2*m(c). What is z(-6)?
-1
Let f(o) be the second derivative of o**4/12 - 16*o**3/3 + 29*o**2 - 2*o + 11. Let n be f(30). Let h(d) = -4*d**2 - 2*d + 3 + 0*d**2 - 5. What is h(n)?
-14
Let h(w) = w**3 - 5*w**2 + 5*w - 2. Let f = -207 - -223. Suppose -21 = f*o - 69. Calculate h(o).
-5
Let r(z) = z**2 - z + 4. Let l = 720 + -341. Let a = -382 + l. Determine r(a).
16
Let o(p) = -4*p - 1. Suppose -9*d - 41 = -257. Suppose -5*c = 3*s - d, -5*s + s = -c + 14. Let h(g) = g - 7. Let f be h(c). Calculate o(f).
3
Let p = 165 - 124. Let j = -41 + p. Let d(c) = c**2 + c + 6. Calculate d(j).
6
Let i(w) be the second derivative of w**5/10 + 11*w**4/12 - w**3/3 + 4*w**2 + 919*w. Determine i(-6).
-16
Let p(a) be the second derivative of a**6/120 + a**5/60 - a**4/8 + a**3/6 - 6*a**2 - 137*a. Let q(r) be the first derivative of p(r). Determine q(2).
7
Let l(c) = c**3 + 4*c**2 - 3*c - 5. Let z be 2/8*2 + (-14)/(-4). Suppose z*o = -5*r + o + 35, 3*r - 40 = 2*o. Suppose -r*i - 24 = -4*i. Calculate l(i).
7
Let h(x) = -x**3 - 8*x**2 + x + 3. Let z be h(-8). Let a(b) be the first derivative of -b**3/3 - 2*b**2 - 7*b + 1281. What is a(z)?
-12
Suppose -35*b = -14*b + 231. Let z(t) = -t**2 - 14*t - 32. Determine z(b).
1
Let b(h) = 3*h - 5612 - 8*h - 4*h**3 + h**2 + 5549 - 12*h**2 + 2*h**3. Give b(-6).
3
Let u(g) = 165*g + 336. Let b(c) = -c**3 + 38*c**2 - 7*c + 264. Let n be b(38). Calculate u(n).
6
Let n(k) = -k**3 - 7*k**2 - 5. Let a(c) be the third derivative of -3/2*c**3 + 0 - 1/24*c**4 + 0*c + 8*c**2. Let q be a(-2). Determine n(q).
-5
Let t(q) = 10*q**3 + 11*q**2 - 16*q - 16. Let g(o) = -7*o**3 - 7*o**2 + 11*o + 11. Let j = 462 + -457. Let a(h) = j*t(h) + 7*g(h). Give a(-5).
37
Let d(x) = -6*x + 5. Suppose -13 = 37*b - 34*b + 2*k, 2*b + 3*k + 17 = 0. What is d(b)?
11
Let r(f) = -f**2 + 12*f + 9*f + 18*f - 65*f - 15 + 15*f. Let g(c) = c**2 + 15*c + 16. Let n(p) = -5*g(p) - 6*r(p). Calculate n(7).
-4
Let l(c) = -13*c**2 + 14*c + 32. Let k(v) = 23*v**2 - 22*v - 63. Let d(s) = -4*k(s) - 7*l(s). What is d(3)?
-11
Let o(p) be the third derivative of 31*p**6/120 + p**5/30 - p**4/8 + p**3/3 - 1859*p**2. Calculate o(1).
32
Let a = -19 - -16. Let v be 1 + (-1 - (-9)/a). Let y(d) = 7. Let f(l) = l - 9. Let s(u) = -5*f(u) - 6*y(u). Calculate s(v).
18
Suppose -s + 4 = -2*s. Let d(b) be the first derivative of -3*b**3 - 17*b**2/2 - 50. Let p(y) = -5*y**2 - 9*y. Let k(f) = 4*d(f) - 7*p(f). Calculate k(s).
4
Suppose -5*i = -n + 10, -3*i + 3 - 1 = n. Let l(w) be the first derivative of 2*w**2 - 10*w - 17317. What is l(n)?
10
Suppose -17*l - 2136 = 1485. Let y = -217 - l. Let g(f) = 0 - 3*f + 2*f - 4. Determine g(y).
0
Let c(v) = 529*v + 3713. Let d be c(-7). Let a(g) = -35*g + 354. What is a(d)?
4
Let g(f) = -399*f - 6790. Let n be g(-17). Let c(k) be the third derivative of -k**6/120 - 7*k**5/60 + k**4/12 + k**3 + k**2. Give c(n).
-8
Let b(r) = 14*r + 110 + 9*r - 23*r + 59*r - 22*r. Give b(-3).
-1
Suppose 3*t + 3 = 5*x, -21 = -3*x + 10*t - 13*t. Let q = 24 - 18. Let d(b) = b**3 + 3*b**2 - q*b**3 - 2*b + 4*b**3 + 7 - 3. What is d(x)?
-2
Let g(j) = -20*j**3 - 5*j**2 - 3*j + 17. Let c(l) = 17*l**3 + 5*l**2 + 3*l - 12. Let n(r) = -7*c(r) - 6*g(r). Calculate n(6).
0
Let k(n) be the third derivative of 1/2*n**3 - 2*n**2 + 1/60*n**5 + 0*n - 1/3*n**4 + 5. Let q(c) = -5*c**3 - c. Let r be q(-1). Give k(r).
-9
Let u(l) be the first derivative of -l**5/30 + 5*l**4/12 - 22*l**3/3 - 2. Let t(s) be the third derivative of u(s). Give t(4).
-6
Let i be (17/(-2))/((-13)/(-26)). Let y = i - -22. Suppose -4*w - h = -0*w - y, 3*h - 3 = 0. Let v(g) = -2*g. What is v(w)?
-2
Let m(g) = -140 + g**3 - 8*g - 2*g**3 - 144 + 7*g**2 + 0*g**3 + 288. Suppose -4*c - 2*w + 22 = -0*c, 0 = 2*c - 3*w - 7. Determine m(c).
14
Let m(u) = 162*u - 2911. Let l be m(18). Let a(g) = -g**3 + 3*g**2 + 5*g + 5. Determine a(l).
-20
Let y(z) = -2*z**2 + 588 - 152 - 36*z - 162 - 155 - 148. What is y(-16)?
35
Let b(s) = 10*s + 144. Let d be b(-15). Let y(j) = 241 - 228 - j + j**2 + 9*j. Calculate y(d).
1
Let x be ((-9)/9)/(1785/(-445) + 4). Let f = x - 90. Let m(t) = 7*t + 1. Give m(f).
-6
Let z(m) = 1 + 460*m**3 + 2*m - 258*m**3 - 226*m**3. Determine z(-1).
23
Let m(b) be the third derivative of -b**6/120 - b**5/10 - b**4/6 - b**3/6 + 15*b**2. Suppose 0 = -x + 5*f - 15, -x + 7*f - 9*f = 1. What is m(x)?
-6
Let a(p) = 5 - p + 6 - 9 + 4. Suppose 13*g = -8 - 5. Let z(w) = 2*w - 1. Let b(i) = g*a(i) - 6*z(i). Calculate b(2).
-22
Let k(g) = 93*g - 3754 + 3725 - 73*g. Let b(n) = 7*n - 10. Let l(h) = -h**3 - 2*h**2 - 3*h. Let p be l(-2). Let c(s) = p*k(s) - 17*b(s). Calculate c(9).
5
Let w(q) = -q**2 - 7*q - 3. Let d be w(-6). Let y(j) = 0 - 22*j - 4 + 9*j**2 + 5 + 26*j - 10*j**2. Calculate y(d).
4
Suppose 1 = 4*i - 7. Suppose 2*j - 4*j - i*c = -20, 0 = j + 2*c - 14. Let u(q) = -12 + q + 9 + j. What is u(-4)?
-1
Let a(f) = f**2 - 5*f + 3. Let t be 9/(-54) - (3 + (-213)/(-18)). Let z(x) = x**2 - 7*x - 18. Let w be z(9). Let y be (14 + t)*(-4 + w). Give a(y).
-1
Let k be 2/4*(37 + -23). Suppose 12*o = -k + 67. Let v(x) = -2*x**2 + 5*x + 5. Calculate v(o).
-20
Let k(x) = x**2 - 34*x + 214. Let b be k(8). Let a(o) = -b + 7 - 1 - 6 + o - 1. Give a(-5).
-12
Let v(c) be the third derivative of c**4/24 + c**3/6 + 18*c**2 - 296*c. Let o(i) = -i**3 - 8*i**2 - 7*i + 5. Let g be o(-7). Determine v(g).
6
Let c(t) be the third derivative of t**6/1